{"id":95,"date":"2026-01-13T16:23:49","date_gmt":"2026-01-13T15:23:49","guid":{"rendered":"https:\/\/www.servicesduweb.fr\/?page_id=95"},"modified":"2026-01-14T14:26:32","modified_gmt":"2026-01-14T13:26:32","slug":"nos-creations","status":"publish","type":"page","link":"https:\/\/www.servicesduweb.fr\/index.php\/nos-creations\/","title":{"rendered":"NOS CREATIONS"},"content":{"rendered":"\n<div class=\"wp-block-cover\" style=\"border-top-left-radius:6px;border-top-right-radius:6px;border-bottom-left-radius:6px;border-bottom-right-radius:6px\"><img loading=\"lazy\" decoding=\"async\" width=\"631\" height=\"422\" class=\"wp-block-cover__image-background wp-image-102 size-full\" alt=\"\" src=\"https:\/\/www.servicesduweb.fr\/wp-content\/uploads\/2026\/01\/EcranClavierbeige.png\" data-object-fit=\"cover\" srcset=\"https:\/\/www.servicesduweb.fr\/wp-content\/uploads\/2026\/01\/EcranClavierbeige.png 631w, https:\/\/www.servicesduweb.fr\/wp-content\/uploads\/2026\/01\/EcranClavierbeige-300x201.png 300w\" sizes=\"auto, (max-width: 631px) 100vw, 631px\" \/><span aria-hidden=\"true\" class=\"wp-block-cover__background has-background-dim\" style=\"background-color:#655852\"><\/span><div class=\"wp-block-cover__inner-container has-global-padding is-layout-constrained wp-block-cover-is-layout-constrained\">\n<p class=\"has-text-align-left is-style-default has-red-hat-mono-font-family has-large-font-size\" style=\"border-style:none;border-width:0px;border-top-left-radius:0px;border-top-right-radius:0px;border-bottom-left-radius:0px;border-bottom-right-radius:0px;margin-top:0;margin-bottom:0;padding-top:0;padding-right:0;padding-bottom:0;padding-left:0\"><em><strong>Voici quelques une de nos Cr\u00e9ations <\/strong><\/em><\/p>\n<\/div><\/div>\n\n\n\n<div style=\"height:50px\" aria-hidden=\"true\" class=\"wp-block-spacer\"><\/div>\n\n\n\n<div class=\"wp-block-media-text is-stacked-on-mobile\"><figure class=\"wp-block-media-text__media\"><img loading=\"lazy\" decoding=\"async\" width=\"1024\" height=\"543\" src=\"https:\/\/www.servicesduweb.fr\/wp-content\/uploads\/2026\/01\/Capture-decran-2026-01-13-a-16.14.44-1024x543.png\" alt=\"\" class=\"wp-image-106 size-full\" srcset=\"https:\/\/www.servicesduweb.fr\/wp-content\/uploads\/2026\/01\/Capture-decran-2026-01-13-a-16.14.44-1024x543.png 1024w, https:\/\/www.servicesduweb.fr\/wp-content\/uploads\/2026\/01\/Capture-decran-2026-01-13-a-16.14.44-300x159.png 300w, https:\/\/www.servicesduweb.fr\/wp-content\/uploads\/2026\/01\/Capture-decran-2026-01-13-a-16.14.44-768x407.png 768w, https:\/\/www.servicesduweb.fr\/wp-content\/uploads\/2026\/01\/Capture-decran-2026-01-13-a-16.14.44-1536x814.png 1536w, https:\/\/www.servicesduweb.fr\/wp-content\/uploads\/2026\/01\/Capture-decran-2026-01-13-a-16.14.44-2048x1086.png 2048w\" sizes=\"auto, (max-width: 1024px) 100vw, 1024px\" \/><\/figure><div class=\"wp-block-media-text__content\">\n<div class=\"wp-block-buttons is-content-justification-center is-layout-flex wp-container-core-buttons-is-layout-e511ce0b wp-block-buttons-is-layout-flex\" style=\"margin-top:var(--wp--preset--spacing--30);margin-bottom:var(--wp--preset--spacing--30)\">\n<div class=\"wp-block-button is-style-outline is-style-outline--1\"><a class=\"wp-block-button__link has-accent-3-color has-text-color has-link-color has-text-align-center wp-element-button\" href=\"https:\/\/www.zenetswan.fr\/\"><em>Institut de beaut\u00e9 St Rapha\u00ebl<\/em><\/a><\/div>\n<\/div>\n<\/div><\/div>\n\n\n\n<div style=\"height:50px\" aria-hidden=\"true\" class=\"wp-block-spacer\"><\/div>\n\n\n\n<div class=\"wp-block-media-text has-media-on-the-right is-stacked-on-mobile\"><div class=\"wp-block-media-text__content\">\n<p class=\"has-text-align-left\"><em>Design Responsive<\/em>  =&gt; Techniques de conception web r\u00e9actives pour s&#8217;assurer que le contenu et la mise en page s&#8217;adapte \u00e0 une vari\u00e9t\u00e9 de dispositifs et de tailles d&#8217;\u00e9cran de l&#8217;utilisateur.<\/p>\n<\/div><figure class=\"wp-block-media-text__media\"><img loading=\"lazy\" decoding=\"async\" width=\"800\" height=\"644\" src=\"https:\/\/www.servicesduweb.fr\/wp-content\/uploads\/2026\/01\/DesignResponsive1.png\" alt=\"\" class=\"wp-image-104 size-full\" srcset=\"https:\/\/www.servicesduweb.fr\/wp-content\/uploads\/2026\/01\/DesignResponsive1.png 800w, https:\/\/www.servicesduweb.fr\/wp-content\/uploads\/2026\/01\/DesignResponsive1-300x242.png 300w, https:\/\/www.servicesduweb.fr\/wp-content\/uploads\/2026\/01\/DesignResponsive1-768x618.png 768w\" sizes=\"auto, (max-width: 800px) 100vw, 800px\" \/><\/figure><\/div>\n\n\n\n<div style=\"height:50px\" aria-hidden=\"true\" class=\"wp-block-spacer\"><\/div>\n\n\n\n<div class=\"wp-block-media-text is-stacked-on-mobile\"><figure class=\"wp-block-media-text__media\"><img loading=\"lazy\" decoding=\"async\" width=\"800\" height=\"439\" src=\"https:\/\/www.servicesduweb.fr\/wp-content\/uploads\/2026\/01\/CabinetAvocatwp.png\" alt=\"\" class=\"wp-image-103 size-full\" srcset=\"https:\/\/www.servicesduweb.fr\/wp-content\/uploads\/2026\/01\/CabinetAvocatwp.png 800w, https:\/\/www.servicesduweb.fr\/wp-content\/uploads\/2026\/01\/CabinetAvocatwp-300x165.png 300w, https:\/\/www.servicesduweb.fr\/wp-content\/uploads\/2026\/01\/CabinetAvocatwp-768x421.png 768w\" sizes=\"auto, (max-width: 800px) 100vw, 800px\" \/><\/figure><div class=\"wp-block-media-text__content\">\n<p><em>Cabinet d&#8217;Avocat Toulouse <\/em><\/p>\n<\/div><\/div>\n\n\n\n<div style=\"height:50px\" aria-hidden=\"true\" class=\"wp-block-spacer\"><\/div>\n\n\n\n<div class=\"wp-block-media-text has-media-on-the-right is-stacked-on-mobile\"><div class=\"wp-block-media-text__content\">\n<p><em>Conception et int\u00e9gration d&#8217;une base de donn\u00e9es <\/em><\/p>\n<\/div><figure class=\"wp-block-media-text__media\"><img loading=\"lazy\" decoding=\"async\" width=\"1024\" height=\"576\" src=\"https:\/\/www.servicesduweb.fr\/wp-content\/uploads\/2026\/01\/Basededonnees-1024x576.png\" alt=\"\" class=\"wp-image-105 size-full\" srcset=\"https:\/\/www.servicesduweb.fr\/wp-content\/uploads\/2026\/01\/Basededonnees-1024x576.png 1024w, https:\/\/www.servicesduweb.fr\/wp-content\/uploads\/2026\/01\/Basededonnees-300x169.png 300w, https:\/\/www.servicesduweb.fr\/wp-content\/uploads\/2026\/01\/Basededonnees-768x432.png 768w, https:\/\/www.servicesduweb.fr\/wp-content\/uploads\/2026\/01\/Basededonnees.png 1280w\" sizes=\"auto, (max-width: 1024px) 100vw, 1024px\" \/><\/figure><\/div>\n\n\n\n<div style=\"height:50px\" aria-hidden=\"true\" class=\"wp-block-spacer\"><\/div>\n\n\n\n<div style=\"height:50px\" aria-hidden=\"true\" class=\"wp-block-spacer\"><\/div>\n\n\n\n<div style=\"height:50px\" aria-hidden=\"true\" class=\"wp-block-spacer\"><\/div>\n","protected":false},"excerpt":{"rendered":"<p>Design Responsive =&gt; Techniques de conception web r\u00e9actives pour s&#8217;assurer que le contenu et la mise en page s&#8217;adapte \u00e0 une vari\u00e9t\u00e9 de dispositifs et de tailles d&#8217;\u00e9cran de l&#8217;utilisateur. Cabinet d&#8217;Avocat Toulouse Conception et int\u00e9gration d&#8217;une base de donn\u00e9es<\/p>\n","protected":false},"author":1,"featured_media":0,"parent":0,"menu_order":0,"comment_status":"closed","ping_status":"closed","template":"","meta":{"footnotes":""},"class_list":["post-95","page","type-page","status-publish","hentry"],"_links":{"self":[{"href":"https:\/\/www.servicesduweb.fr\/index.php\/wp-json\/wp\/v2\/pages\/95","targetHints":{"allow":["GET"]}}],"collection":[{"href":"https:\/\/www.servicesduweb.fr\/index.php\/wp-json\/wp\/v2\/pages"}],"about":[{"href":"https:\/\/www.servicesduweb.fr\/index.php\/wp-json\/wp\/v2\/types\/page"}],"author":[{"embeddable":true,"href":"https:\/\/www.servicesduweb.fr\/index.php\/wp-json\/wp\/v2\/users\/1"}],"replies":[{"embeddable":true,"href":"https:\/\/www.servicesduweb.fr\/index.php\/wp-json\/wp\/v2\/comments?post=95"}],"version-history":[{"count":3,"href":"https:\/\/www.servicesduweb.fr\/index.php\/wp-json\/wp\/v2\/pages\/95\/revisions"}],"predecessor-version":[{"id":116,"href":"https:\/\/www.servicesduweb.fr\/index.php\/wp-json\/wp\/v2\/pages\/95\/revisions\/116"}],"wp:attachment":[{"href":"https:\/\/www.servicesduweb.fr\/index.php\/wp-json\/wp\/v2\/media?parent=95"}],"curies":[{"name":"wp","href":"https:\/\/api.w.org\/{rel}","templated":true}]}}